*n**3 + 107*n**2 - 157*n + 96. Calculate the remainder when 791 is divided by s(52).
43
Suppose 199 = -5*c + m, 5*c + 167 + 37 = -4*m. What is the remainder when ((-21)/12 + 1)*c is divided by 3/12 + (-86)/(-8)?
8
Suppose h + 5 - 7 = 0. Suppose -l + 14 = -3*r, -h = 5*r + 3. Calculate the remainder when 52 is divided by l.
8
Let n = -30 + 21. Let v(u) = 2*u - 3. What is the remainder when ((-6)/3)/(2/n) is divided by v(4)?
4
Let a be (11 + -12)*(-8)/(1 + -3). Calculate the remainder when 3 is divided by (2/a)/(5/(-10)).
0
Let s = 74 - 42. Calculate the remainder when s is divided by 3 + (1*18)/2.
8
Suppose 4*t = c - 17, -10 = 2*c + 2*t + t. Let u = -1278 - -1283. Calculate the remainder when -2 + c + 0 - -20 is divided by u.
4
Calculate the remainder when (-4204)/(-6) - (-8)/24 is divided by 64.
61
Suppose -16 = -4*z, -32 = -p - 5*z + 47. Calculate the remainder when p is divided by (2/(-4))/(3/(-72)).
11
Suppose -d - 2*h = 4*d - 15, 0 = 5*h + 25. Suppose 0 = 4*z - d*w + 4*w - 503, 5*w - 279 = -2*z. What is the remainder when z is divided by 16?
15
What is the remainder when (-10 + 9)*(-8 + -1)*15 is divided by 20?
15
Let p(a) = a**2 + 5*a + 7. Let o(w) = w + 10*w**2 - w**2 + 2*w - w. Calculate the remainder when o(2) is divided by p(-7).
19
Suppose -x + 3*s + 6 = 0, -3*s + 24 = -x + 5*x. Calculate the remainder when 123 is divided by x.
3
Let d(u) = 15*u**2 - u. Let n(p) = 2*p**2 + 2*p - 21. Calculate the remainder when n(-6) is divided by d(1).
11
Suppose 0 = 92*u - 3230 - 450. Calculate the remainder when 478 is divided by u.
38
Let v(c) = c + 8. Let g be v(-4). Let n be 480/14 - 4/14. Suppose -2*m = -g*m + n. Calculate the remainder when m is divided by 5.
2
Suppose 5*x - 525 = -0*x. Suppose 553 = 15*w + 148. Calculate the remainder when x is divided by w.
24
Suppose 5*u + 17*g - 15*g = 920, -4*u + 5*g + 769 = 0. Calculate the remainder when u is divided by 177.
9
Let r = -6 - -10. Suppose -4*q - 2*m + 36 = -3*m, 4*q - 16 = -r*m. Calculate the remainder when (-5115)/(-99)*15/25 is divided by q.
7
Suppose -8*i + 251 = -3*i - 2*z, z = -3*i + 155. Let q = -28 + 46. What is the remainder when i is divided by q?
15
Let k = 269 + -160. Calculate the remainder when k is divided by 37.
35
Let i(r) = 138*r + 5. What is the remainder when i(1) is divided by 73?
70
Suppose 3*t + a + 90 = 0, -3*a = -0*t + 5*t + 154. Let o = 258 + t. Calculate the remainder when o is divided by 58.
55
Suppose -32*i + 38*i - 78 = 0. What is the remainder when 8/10*(2 - -28) is divided by i?
11
Let g(r) = -r**3 + 13*r**2 + 38*r - 22. Calculate the remainder when g(14) is divided by 63.
62
Suppose -3*a + 3*g = -27, -a + 3*g + 8 = g. Let v(c) = -c + 21. What is the remainder when v(a) is divided by 4?
3
Let z(w) = 63*w**2 - 30*w - 57. What is the remainder when z(-2) is divided by 8?
7
Let n = 303 + -295. What is the remainder when 20 is divided by n?
4
Let k(m) = 11*m - 33*m + 12*m - 7*m - 30. What is the remainder when 148 is divided by k(-4)?
34
Let f(t) = t**3 - 17*t**2 + 32*t + 4. Suppose 3*d + 5*k = 12, 0 = -3*d - k - 0*k + 12. Calculate the remainder when f(15) is divided by 20 - d/2 - 0.
16
Let j(d) = d**2 + 3*d. Let s be j(-3). Suppose 6*k - 90 = -s*k. What is the remainder when 40 is divided by k?
10
Calculate the remainder when 13/(104/238)*4 is divided by 116.
3
Suppose -2*f = f - 3*m - 6, -5*f - m = -16. Let b = f + 4. Let g(u) = 3*u - 12. Calculate the remainder when g(8) is divided by b.
5
Suppose f + 3*z - 83 = -0*z, -4*f + 2*z + 276 = 0. Calculate the remainder when f is divided by 24.
23
Let r = 10 - 3. Let d(f) = 7*f + 74. Calculate the remainder when d(-9) is divided by r.
4
Let t(u) = -34*u. Suppose 2*n - 6*p = -p + 29, 5*n + 3*p - 57 = 0. Suppose -5*o + 3*l + 3 = -l, 5*l = -2*o - n. What is the remainder when t(o) is divided by 9?
7
Suppose -3*g = -r - 8*g + 5, -48 = -5*r - 2*g. Let o = r + -8. Suppose -o = -a + 7. Calculate the remainder when 33 is divided by a.
6
Suppose v - 5*b - 33 = 0, -3*b + 15 = 3. Let i = 379 + -221. Calculate the remainder when i is divided by v.
52
Suppose -b - 5*b = 6. Let h(p) = -p - 1. Let w be h(b). Suppose 11 = -w*a + a. Calculate the remainder when 20 is divided by a.
9
Let j(h) = 18*h**2 + 18*h + 51. Calculate the remainder when j(-4) is divided by 36.
15
Suppose 4*z = -0*z - 5*o + 148, -8 = 2*o. Let w = z - 8. What is the remainder when w is divided by 18?
16
Let c(r) = 2*r**2 + 4. Let p = -6 - -8. Let h be c(p). Suppose -4*b = -0 - h. Calculate the remainder when 4 is divided by b.
1
Let q(d) = -3*d + 76. What is the remainder when 86 is divided by q(22)?
6
Suppose 0 = -3*m + 83 + 49. Let t = 55 - m. Calculate the remainder when t is divided by 8.
3
Let i = 135 + -88. Let h be ((-8)/(-2))/(-5*2/(-10)). Suppose 3*p = h*v - 63, 3*p - 34 = -2*v + 5*p. Calculate the remainder when i is divided by v.
11
Suppose 0 = 3*o - 7*o - 5*z + 3, 5*o - 6 = -4*z. Let g be o/9 - (-48)/27. What is the remainder when 7 is divided by 6 - (-1 + (g - -1))?
3
Suppose 4*u - 246 = -5*s + 236, u = -s + 120. Let j = u - 112. What is the remainder when j is divided by 4?
2
Let l = 281 + -256. Calculate the remainder when 148 is divided by l.
23
Let p = 436 - 408. Calculate the remainder when 642 is divided by p.
26
Let q = -6 + 8. Suppose 4*l = 14 - q. Suppose w - 70 = 3*g, 4*w + l*g = -0*w + 265. What is the remainder when w is divided by 17?
16
Let o(y) = -165*y - 560. Calculate the remainder when o(-4) is divided by 17.
15
Let a(h) = 6 - 2 + 0*h**2 - 2 + 3*h**2 + 5*h. Suppose 0 = 4*r - r - 123. What is the remainder when r is divided by a(-3)?
13
Suppose -4*l + 15*h + 108 = 10*h, -l = -3*h - 20. Calculate the remainder when l is divided by 21.
11
Let w be (135/6)/1*6. Suppose -5*y - w = 5*b, 4*b + 104 = -y - y. Let n = 53 + b. Calculate the remainder when n is divided by 15.
13
Let u(o) = -3*o - 10. Suppose 9 = -5*n - 11. Let s be u(n). Suppose -s*t + 0*t = -56. Calculate the remainder when 110 is divided by t.
26
Suppose 5*a - 31 = -3*c + 93, 94 = 3*c - a. Calculate the remainder when 93 is divided by c.
27
Let p be 42*(12/9)/2. Let b = 44 - p. Let h = 35 - -11. What is the remainder when h is divided by b?
14
Suppose 0 = 3*y + 3*d + 27, 0 = -3*y - 5*d - 24 - 9. Let t(q) = 2*q**3 + 11*q**2 - 9*q - 9. Calculate the remainder when 34 is divided by t(y).
7
Suppose -24 = -4*a - 0*a. Suppose -77*r = -80*r + 66. Calculate the remainder when r is divided by a.
4
Let a(h) = -h**2. Let x(f) = -7*f**3 - 6*f**2 - 2*f - 1. Let u(j) = -5*a(j) + x(j). Calculate the remainder when u(-1) is divided by 5.
2
Suppose -n - n = -4. Calculate the remainder when 47 is divided by -4*((-51)/24)/(n/4).
13
Let g(k) = 23*k**2 - 2*k - 9. Let j(q) = 12*q**2 - q - 5. Let h(n) = 3*g(n) - 5*j(n). Calculate the remainder when 61 is divided by h(2).
29
Let j = 163 + -65. What is the remainder when j is divided by (6/(-4))/((-1)/24) - 2?
30
Let c(y) = 10*y**2 - 13*y - 7. What is the remainder when c(4) is divided by 26?
23
Let m be ((-142)/(-4) + 2)*(-4)/(-3). Let x = 7 - 10. Let v = x + m. Calculate the remainder when v is divided by 12.
11
Let f(l) = -9*l - 102. Calculate the remainder when 160 is divided by f(-14).
16
Suppose -s = -1, -5*s - 13 + 6 = -2*g. Calculate the remainder when 45/g - 12/24 is divided by -6*((-10)/6 - -1).
3
Let f be -9*4/(-42)*7. Suppose f*n - 46 = 5*n. Suppose 0 = -4*s + 2*b + 42, -4*s + 5*b + 23 = -10. What is the remainder when n is divided by s?
10
Let g(j) = -2*j**3 - 137*j**2 + 198*j - 26. Calculate the remainder when g(-70) is divided by 17.
15
Calculate the remainder when 742 is divided by (1/4)/(17/2108).
29
Calculate the remainder when (-3*6/(-12))/((-3)/(-114)) is divided by 5.
2
Suppose -4*v + 135 = 5*g, -4*v + 5*g + 68 = -37. Let h = v - 21. Calculate the remainder when 34 is divided by h.
7
Suppose -6 = 2*b, -182 = -9*z + 8*z - b. What is the remainder when z is divided by 64?
57
Let v = 39 - 37. Suppose 7 + 11 = v*b. Calculate the remainder when 17 is divided by b.
8
Suppose 7 - 19 = 3*k. Calculate the remainder when 108 is divided by ((-22)/10)/(k/40).
20
Let t(b) = b**3 - 5*b**2 - 4*b + 2. Suppose 0*h - 3*h + 9 = 0. Let p be t(h). Let r = -19 - p. What is the remainder when 34 is divided by r?
7
What is the remainder when 298 i